 3, 5, 11
List the prime factors of 6155.
5, 1231
List the prime factors of 260.
2, 5, 13
What are the prime factors of 130104?
2, 3, 13, 139
List the prime factors of 625.
5
What are the prime factors of 580?
2, 5, 29
List the prime factors of 17519.
17519
What are the prime factors of 147?
3, 7
What are the prime factors of 7354?
2, 3677
What are the prime factors of 134031?
3, 43, 1039
What are the prime factors of 714?
2, 3, 7, 17
What are the prime factors of 119502?
2, 3, 2213
List the prime factors of 73831.
17, 43, 101
What are the prime factors of 541?
541
List the prime factors of 367.
367
What are the prime factors of 37532?
2, 11, 853
What are the prime factors of 784?
2, 7
What are the prime factors of 409?
409
List the prime factors of 737.
11, 67
What are the prime factors of 113443?
11, 10313
What are the prime factors of 1141?
7, 163
List the prime factors of 5893.
71, 83
List the prime factors of 470.
2, 5, 47
What are the prime factors of 30?
2, 3, 5
List the prime factors of 2529.
3, 281
List the prime factors of 25.
5
What are the prime factors of 1784?
2, 223
What are the prime factors of 8451?
3, 313
What are the prime factors of 3090?
2, 3, 5, 103
List the prime factors of 26404.
2, 7, 23, 41
What are the prime factors of 308?
2, 7, 11
What are the prime factors of 4793?
4793
What are the prime factors of 12587?
41, 307
What are the prime factors of 2510?
2, 5, 251
What are the prime factors of 1021?
1021
List the prime factors of 4313.
19, 227
List the prime factors of 22866.
2, 3, 37, 103
What are the prime factors of 8210?
2, 5, 821
What are the prime factors of 1769?
29, 61
What are the prime factors of 556?
2, 139
List the prime factors of 18635.
5, 3727
List the prime factors of 67.
67
What are the prime factors of 28197?
3, 13, 241
What are the prime factors of 2878?
2, 1439
List the prime factors of 1907.
1907
What are the prime factors of 39663?
3, 13, 113
What are the prime factors of 52884?
2, 3, 13, 113
List the prime factors of 6993.
3, 7, 37
What are the prime factors of 9765?
3, 5, 7, 31
What are the prime factors of 132166?
2, 66083
What are the prime factors of 5828?
2, 31, 47
What are the prime factors of 72843?
3, 24281
List the prime factors of 114381.
3, 71, 179
List the prime factors of 35921.
17, 2113
What are the prime factors of 39808?
2, 311
What are the prime factors of 603?
3, 67
List the prime factors of 8023.
71, 113
List the prime factors of 5492.
2, 1373
What are the prime factors of 5540?
2, 5, 277
What are the prime factors of 26898?
2, 3, 4483
List the prime factors of 33062.
2, 61, 271
What are the prime factors of 1189?
29, 41
What are the prime factors of 2550?
2, 3, 5, 17
List the prime factors of 24664.
2, 3083
List the prime factors of 113944.
2, 14243
What are the prime factors of 61146?
2, 3, 43, 79
List the prime factors of 3986.
2, 1993
List the prime factors of 15567.
3, 5189
List the prime factors of 5323.
5323
List the prime factors of 4295.
5, 859
What are the prime factors of 15774?
2, 3, 11, 239
What are the prime factors of 27229?
73, 373
List the prime factors of 2512.
2, 157
What are the prime factors of 526?
2, 263
List the prime factors of 2009.
7, 41
List the prime factors of 43055.
5, 79, 109
List the prime factors of 12480.
2, 3, 5, 13
List the prime factors of 1527.
3, 509
What are the prime factors of 27368?
2, 11, 311
What are the prime factors of 148?
2, 37
List the prime factors of 180.
2, 3, 5
List the prime factors of 70218.
2, 3, 47, 83
What are the prime factors of 6050?
2, 5, 11
List the prime factors of 68.
2, 17
List the prime factors of 4750.
2, 5, 19
List the prime factors of 2830.
2, 5, 283
What are the prime factors of 12946?
2, 6473
List the prime factors of 656.
2, 41
What are the prime factors of 525?
3, 5, 7
List the prime factors of 117188.
2, 29297
What are the prime factors of 11801?
11801
List the prime factors of 4682.
2, 2341
List the prime factors of 42684.
2, 3, 3557
What are the prime factors of 18702?
2, 3, 1039
List the prime factors of 1660.
2, 5, 83
What are the prime factors of 6478?
2, 41, 79
List the prime factors of 1384.
2, 173
List the prime factors of 17901.
3, 13, 17
What are the prime factors of 664?
2, 83
What are the prime factors of 48756?
2, 3, 17, 239
List the prime factors of 65945.
5, 11, 109
What are the prime factors of 699?
3, 233
What are the prime factors of 2362?
2, 1181
What are the prime factors of 652?
2, 163
List the prime factors of 110.
2, 5, 11
List the prime factors of 7533.
3, 31
List the prime factors of 131.
131
What are the prime factors of 38498?
2, 19249
What are the prime factors of 20504?
2, 11, 233
What are the prime factors of 1619?
1619
What are the prime factors of 97460?
2, 5, 11, 443
List the prime factors of 4493.
4493
What are the prime factors of 15598?
2, 11, 709
List the prime factors of 42181.
42181
List the prime factors of 9149.
7, 1307
What are the prime factors of 49183?
137, 359
List the prime factors of 1205.
5, 241
List the prime factors of 12161.
12161
What are the prime factors of 1944?
2, 3
What are the prime factors of 96610?
2, 5, 9661
What are the prime factors of 1499?
1499
List the prime factors of 1168.
2, 73
List the prime factors of 3795.
3, 5, 11, 23
What are the prime factors of 487?
487
What are the prime factors of 3666?
2, 3, 13, 47
List the prime factors of 4480.
2, 5, 7
List the prime factors of 1819.
17, 107
List the prime factors of 572.
2, 11, 13
List the prime factors of 17542.
2, 7, 179
What are the prime factors of 14599?
13, 1123
What are the prime factors of 628?
2, 157
List the prime factors of 48061.
13, 3697
What are the prime factors of 1079?
13, 83
What are the prime factors of 4168?
2, 521
What are the prime factors of 13170?
2, 3, 5, 439
What are the prime factors of 14620?
2, 5, 17, 43
List the prime factors of 3846.
2, 3, 641
List the prime factors of 13740.
2, 3, 5, 229
What are the prime factors of 5673?
3, 31, 61
What are the prime factors of 2199?
3, 733
List the prime factors of 4394.
2, 13
What are the prime factors of 4214?
2, 7, 43
List the prime factors of 1056.
2, 3, 11
List the prime factors of 1820.
2, 5, 7, 13
List the prime factors of 22357.
79, 283
What are the prime factors of 2093?
7, 13, 23
List the prime factors of 15298.
2, 7649
List the prime factors of 92624.
2, 7, 827
What are the prime factors of 4996?
2, 1249
What are the prime factors of 23275?
5, 7, 19
List the prime factors of 5010.
2, 3, 5, 167
What are the prime factors of 36639?
3, 23, 59
List the prime factors of 7626.
2, 3, 31, 41
What are the prime factors of 1114?
2, 557
What are the prime factors of 4031?
29, 139
List the prime factors of 126583.
126583
List the prime factors of 2781.
3, 103
List the prime factors of 3354.
2, 3, 13, 43
What are the prime factors of 1152?
2, 3
List the prime factors of 3841.
23, 167
What are the prime factors of 1799?
7, 257
What are the prime factors of 120748?
2, 30187
What are the prime factors of 505?
5, 101
What are the prime factors of 4787?
4787
List the prime factors of 6829.
6829
What are the prime factors of 2476?
2, 619
List the prime factors of 635.
5, 127
List the prime factors of 133.
7, 19
What are the prime factors of 64828?
2, 19, 853
What are the prime factors of 13928?
2, 1741
List the prime factors of 65357.
65357
List the prime factors of 19281.
3, 6427
What are the prime factors of 7926?
2, 3, 1321
What are the prime factors of 1624?
2, 7, 29
What are the prime factors of 1984?
2, 31
List the prime factors of 70605.
3, 5, 523
What are the prime factors of 2865?
3, 5, 191
What are the prime factors of 2441?
2441
What are the prime factors of 21044?
2, 5261
List the prime factors of 979.
11, 89
List the prime factors of 1049.
1049
What are the prime factors of 125637?
3, 41879
List the prime factors of 8784.
2, 3, 61
List the prime factors of 3111.
3, 17, 61
What are the prime factors of 9901?
9901
List the prime factors of 2618.
2, 7, 11, 17
List the prime factors of 1388.
2, 347
What are the prime factors of 372?
2, 3, 31
What are the prime factors of 6190?
2, 5, 619
List the prime factors of 33279.
3, 11093
List the prime factors of 100368.
2, 3, 17, 41
What are the prime factors of 912?
2, 3, 